vided by x.
0
Let u = -1 - -19. What is the remainder when 53 is divided by u?
17
Let i(x) = -4*x - 1. Let b be i(-1). Let m be (3 + -7 + 3)/((-1)/(-4)). What is the remainder when 12 is divided by (b - (-2 - m)) + 6?
5
Let c(m) = -m + 39. What is the remainder when c(7) is divided by 19/2 + 2/(-4)?
5
Suppose h + 3*d - 69 = -3*h, -3*d - 3 = 0. Let b = -14 + h. Calculate the remainder when b is divided by 1.
0
Suppose -10 = 3*z - 25. Let b(u) = -8*u + 1. Let x be b(2). Let p = 28 + x. What is the remainder when p is divided by z?
3
Suppose 14 = 4*t - 3*x, 0*t + 2*t - 2*x - 6 = 0. What is the remainder when 7 is divided by t?
2
Suppose 4*r = -3*v + 2*v + 238, r - 62 = v. Suppose 0*y = -4*y + 5*q + r, -96 = -5*y + q. Calculate the remainder when y is divided by 11.
9
Let q(m) = m**3 - m**2 - 10*m + 2. Calculate the remainder when q(5) is divided by 11.
8
Suppose -5*h - 1 = 3*w, -3*h + 6*w - 2*w + 11 = 0. Calculate the remainder when (-140)/(-8)*(1 + h) is divided by 12.
11
Suppose -3*b = 3*d + 9, -2*b + d + 0*d = -6. Calculate the remainder when 1 - (-7)/(14/72) is divided by 3 + -1 + b + 10.
11
Let a = -18 - 4. Let m = a + 41. What is the remainder when m is divided by 4?
3
Suppose 0 = -j + 3*j - 68. Let o = j - 21. Calculate the remainder when o is divided by 5.
3
Suppose 2*t - 32 = -3*z + 39, 47 = z - 4*t. Calculate the remainder when 51 is divided by z.
24
Let c(f) = 24*f - 4. Suppose 4*n - 5*t - 28 = 0, -3*t - 15 = -2*n + 1. What is the remainder when c(n) is divided by 16?
12
Let h(v) = -v + 8. Let i be h(6). Let n = 7 - 5. Suppose 15 = i*g + 5*k - 3, -n*k + 9 = g. What is the remainder when g is divided by 5?
4
Let x be (-2)/(-1) + (-1 - -2). Let d be x/(-9) - 68/(-6). Suppose 3*k + d = 2*g, -19 = 2*g + 5*k - 70. Calculate the remainder when 25 is divided by g.
12
Let c(k) = -8*k - 3. Let f(z) = 0 + 4 + z - 1 - 2. Let v be f(-3). What is the remainder when c(v) is divided by 7?
6
Suppose -2*v + 5 = 3*o, 5*v + 30 + 15 = 4*o. Suppose o*m = 6*m - 14. Calculate the remainder when 1*42 + -1 + 0 is divided by m.
13
Let b(q) = -13*q + 30. What is the remainder when 6 is divided by b(2)?
2
Let p = -2 + 5. Suppose 0*a = -p*a. Let u(m) = -m**2 + m + 46. What is the remainder when u(a) is divided by 16?
14
Let r be 40/(-3) - 16/24. Let m = r - -28. Calculate the remainder when m is divided by 3.
2
Suppose q = 2*q - 20. What is the remainder when (1*-3)/(3/(-77)) is divided by q?
17
Calculate the remainder when (-11)/(-55) - (-927)/15 is divided by 24.
14
What is the remainder when (695/(-15))/(2/(-6)) is divided by 28?
27
Suppose -2*l = 3*t - 0*t - 9, -4 = -2*l + 2*t. What is the remainder when 45 is divided by (6 - (-2 + -1)) + l?
9
Let m be -1 - (-17 + (-1 - 1)). What is the remainder when 4 + (-8 + 4 + 30)/2 is divided by (m/8)/((-6)/(-16))?
5
Suppose 9*n - 8*n - 43 = 0. Let c(k) = 2*k + 0*k - 1 + 2*k**2 + 3*k**2. Calculate the remainder when n is divided by c(-2).
13
Suppose u = 2*u - 44. Suppose 4*p = -4*a + 56, -p - p + u = 3*a. Let k(s) = -32*s - 1. What is the remainder when k(-1) is divided by a?
15
Let s(z) = -z**3 - 11*z**2 - 5*z - 36. What is the remainder when s(-11) is divided by 11?
8
Let y be (-216)/(-15) - 2/5. Let b = y + -10. Calculate the remainder when 10 is divided by b.
2
Let u(v) = v**2 - 5. Let f(d) = -d. What is the remainder when u(4) is divided by f(-6)?
5
Let l(y) = -y + 1. Let w(f) = -10*f + 2. Let j(t) = -4*l(t) + w(t). What is the remainder when 29 is divided by j(-2)?
9
Let l be 65/(-26)*(-4)/5. What is the remainder when 57 is divided by 8/16 + 39/l?
17
What is the remainder when 35 is divided by 21 - (-2 - (-4 - 0))?
16
Let n = 2 - 0. Suppose -3*o - o - n*x = 6, 5*o + 2*x + 6 = 0. What is the remainder when 29 is divided by 5 + 2 + (o - -1)?
5
Suppose -5*c + 477 = -2*c. Suppose 4*g = -3*f + c, -g + 3*f + 93 = g. What is the remainder when g is divided by 9?
6
Suppose 0 = -4*l - l + 10. Suppose -v = -b + 66, 2*b - v - l*v - 136 = 0. Calculate the remainder when b is divided by 16.
14
Let q = -19 + 27. Calculate the remainder when 11 is divided by q.
3
Suppose 4*n - 152 = 5*a + 131, 10 = 2*a. Calculate the remainder when n is divided by 16.
13
Let n = -46 + 76. Let c = -12 - 2. Let j = c + n. What is the remainder when 47 is divided by j?
15
Let l(x) = x - 8. Let h be l(10). Let u(i) = i**3 - 3*i + 3. What is the remainder when 18 is divided by u(h)?
3
Suppose 3*l - 7*l = -136. What is the remainder when l is divided by 7?
6
Suppose -u = -0*u - k - 9, 4*u - 9 = -5*k. Let r = 18 - u. Calculate the remainder when 8 is divided by (-3)/r + (-13)/(-4).
2
Let k(o) = -65*o**3 - 2*o**2 - 2*o - 1. Calculate the remainder when k(-1) is divided by 18.
10
Suppose y - 24 = -5*d + 3*y, 15 = 4*d - 3*y. What is the remainder when 10 is divided by d?
4
Suppose -l = -5*y - 0*l + 335, l - 268 = -4*y. Calculate the remainder when y is divided by 17.
16
Suppose 2*q + 0 - 10 = 0. Suppose q*f - d - 41 = 0, 0*f - 3*f - 4*d + 43 = 0. Suppose f + 12 = 3*j. Calculate the remainder when j is divided by 4.
3
Let t = 7 + -12. Let r(x) = x**2 - 4*x - 3. Calculate the remainder when r(t) is divided by 15.
12
Let f = 146 + -69. Suppose -5*s - 7 = -3*h - 87, 2*s - 32 = -h. Calculate the remainder when f is divided by s.
13
Suppose 3*h - 103 = -r - 11, -5*r = -5*h + 180. What is the remainder when h is divided by 10?
2
Let q = -1 + 10. Calculate the remainder when 17 is divided by q.
8
Suppose -5*f = -8*f + 135. What is the remainder when f is divided by 12?
9
Let y(x) = -x**3 - 6*x**2 + 5*x - 7. Let a = -24 + 17. What is the remainder when 12 is divided by y(a)?
5
Let a(j) = -3*j**2 - 14*j - 5. What is the remainder when 10 is divided by a(-4)?
1
Let u(l) = -7*l**2 + 3*l - 3. Let a be u(-3). Calculate the remainder when 82 is divided by 3 - a/((-6)/(-2)).
26
Let s(w) = -w**3 + 5*w**2 + 4*w + 6. Let y be s(6). Let m(l) = l**2 - 2*l + 1. Calculate the remainder when 2/((y/2)/(-69)) is divided by m(5).
14
Let i = -67 + 74. Calculate the remainder when i is divided by (-1 + -1)*(-3)/2.
1
What is the remainder when (1 - (1 - 37)) + 1 is divided by 20?
18
Let x be 1 - 111/3*1. Let m be (-8)/x + 328/(-18). Let w = -11 - m. Calculate the remainder when 12 is divided by w.
5
Let z(k) = -k - 9. Let l(n) = n + 19. Let h(v) = 2*l(v) + 5*z(v). Let f be h(-5). Suppose -5*g + f = -22. What is the remainder when 16 is divided by g?
4
Let w(j) = -44*j + 10. Calculate the remainder when w(-2) is divided by 34.
30
Suppose -3*c = -8*c - 3*b + 18, b = 3*c - 8. Suppose 3*f + c = 0, 0 = 4*p - 5*f + 22 + 285. What is the remainder when (p/(-15) - 2)*5 is divided by 6?
4
Let s = 38 - -104. Calculate the remainder when s is divided by 12.
10
Let b(k) = -k**3 - 2*k**2 + 6*k + 15. Calculate the remainder when b(-4) is divided by 4.
3
Suppose z - 44 = -0*n + 4*n, -5*z + 120 = 5*n. Calculate the remainder when z is divided by (-9)/(9/(-4)) - -7.
6
Let m = 0 + 5. What is the remainder when ((-34)/(-3))/(8/12) is divided by m?
2
Suppose 0*c = 2*c. Suppose c = -2*o - 5*z + 74, -5*o + 4*o = -5*z - 22. What is the remainder when o is divided by 11?
10
Let p(u) be the third derivative of 3*u**6/20 + u**5/30 - u**3/6 + 4*u**2. Calculate the remainder when p(1) is divided by 11.
8
Let j(k) = -2*k + 1. Let m be j(5). Let n(g) = -g**2 + 10*g - 8. Let o be n(7). Let h = o + m. What is the remainder when 7 is divided by h?
3
Let f(m) = 133*m**3 + 4*m**2 - m - 1. Calculate the remainder when f(1) is divided by 46.
43
Let s(u) = u**2 + u + 2. Let z = -9 - -13. Calculate the remainder when 42 is divided by s(z).
20
Let h = 33 + -22. Suppose -4*c - 44 = -m - h, 2*c + 66 = 2*m. Calculate the remainder when m is divided by 9.
6
Let z = 98 + -63. Calculate the remainder when 69 is divided by z.
34
Suppose -3*k + 103 = -5*f, 106 = 2*k + k - 2*f. Calculate the remainder when k is divided by 13.
10
Suppose -j + 2*l - 29 = -2*l, j + l + 24 = 0. Let y = -18 - j. What is the remainder when 20 is divided by y?
6
Suppose 0 = -3*b + 9, 5*c + 14 - 63 = 2*b. Suppose 44 = -5*r + r. Let p = 31 + r. Calculate the remainder when p is divided by c.
9
Suppose -4*i - 264 = -7*i. Calculate the remainder when i is divided by 30.
28
Suppose -2 = v - 4. Suppose 0 = -v*t - 3*t + 325. Calculate the remainder when t is